{"id":276,"date":"2014-03-06T13:59:56","date_gmt":"2014-03-06T13:59:56","guid":{"rendered":"http:\/\/demo.deliciousthemes.com\/patti\/?page_id=82"},"modified":"2025-11-11T16:12:50","modified_gmt":"2025-11-11T16:12:50","slug":"homepage","status":"publish","type":"page","link":"https:\/\/ajv-hermann-loens.de\/","title":{"rendered":"Startseite"},"content":{"rendered":"<p>[vc_row dt_text_scheme=&#8221;darker-overlay&#8221; dt_no_mb=&#8221;no-margin&#8221; bg_type=&#8221;image&#8221; parallax_style=&#8221;vcpb-vz-jquery&#8221; bg_image_new=&#8221;id^438|url^https:\/\/ajv-hermann-loens.de\/wp-content\/uploads\/2021\/01\/image3-scaled.jpg|caption^null|alt^null|title^image3|description^null&#8221; bg_image_repeat=&#8221;no-repeat&#8221; parallax_sense=&#8221;30&#8243; disable_on_mobile_img_parallax=&#8221;disable_on_mobile_img_parallax_value&#8221; parallax_content=&#8221;parallax_content_value&#8221; bg_color=&#8221;#000000&#8243; dt_color_opacity=&#8221;0&#8243; dt_padding_top=&#8221;100&#8243; dt_padding_bottom=&#8221;100&#8243;][vc_column]<div style=\"clear:both; width:100%; height:60px\"><\/div>[vc_row_inner][vc_column_inner][vc_column_text]<\/p>\n<h4 style=\"text-align: center;\"><span style=\"font-size: 24pt;\"><strong>Akademische Jagdverbindung<\/strong><\/span><\/h4>\n<p style=\"text-align: center;\"><strong><span style=\"font-size: 24pt;\">\u201eHermann L\u00f6ns\u201c<br \/>\nzu M\u00fcnster<br \/>\n<\/span><\/strong><\/p>\n<h4 style=\"text-align: center;\"><span style=\"font-size: 24pt;\"><strong>&nbsp;<\/strong><\/span><\/h4>\n<p>[\/vc_column_text][\/vc_column_inner][\/vc_row_inner][vc_row_inner el_id=&#8221;ajv&#8221;][vc_column_inner][\/vc_column_inner][\/vc_row_inner][\/vc_column][\/vc_row][vc_row dt_no_mb=&#8221;no-margin&#8221; bg_type=&#8221;bg_color&#8221; bg_color=&#8221;#eaeaea&#8221; dt_padding_top=&#8221;55&#8243; dt_padding_bottom=&#8221;35&#8243; bg_color_value=&#8221;#e8e8e8&#8243;][vc_column][vc_row_inner][vc_column_inner]<div class=\"dt-title-wrapper\"><h1 class=\"section-title\">Die Akademische Jagdverbindung<\/h1><\/div><h2 class=\"section-tagline\">Uns L\u00f6nser verbindet vor allem eine gemeinsame Passion: die Jagd. Unter dem Namenspatronat des bekannten Naturdichters und passionierten J\u00e4gers Hermann L\u00f6ns bieten wir jagdlich interessierten Studenten am Hochschulstandort M\u00fcnster ein Forum f\u00fcr gesellige Zusammenkunft, Diskussion und die gemeinsame Jagdaus\u00fcbung. Wir L\u00f6nser legen Wert auf konfessionelle und politische Ungebundenheit: Jeder Student, unabh\u00e4ngig von Hautfarbe, Religionszugeh\u00f6rigkeit und politischer Ausrichtung, ist bei uns willkommen. Alle extremistischen Auspr\u00e4gungen hingegen finden bei uns keinen Platz!<\/h2>[\/vc_column_inner][\/vc_row_inner]<div style=\"clear:both; width:100%; height:60px\"><\/div>[vc_btn title=&#8221;Semesterprogramm&#8221; style=&#8221;classic&#8221; color=&#8221;black&#8221; align=&#8221;center&#8221; link=&#8221;url:https%3A%2F%2Fajv-hermann-loens.de%2Fwp-content%2Fuploads%2F2025%2F11%2FSempro_WiSe25_26.pdf&#8221;][\/vc_column][\/vc_row][vc_row dt_no_mb=&#8221;no-margin&#8221; bg_color=&#8221;#ffffff&#8221;][vc_column]<div style=\"clear:both; width:100%; height:10px\"><\/div>[vc_single_image image=&#8221;222&#8243; img_size=&#8221;stage&#8221;][\/vc_column][\/vc_row][vc_row dt_no_mb=&#8221;no-margin&#8221; bg_color=&#8221;#ffffff&#8221; dt_color_opacity=&#8221;100&#8243; dt_padding_top=&#8221;50&#8243; dt_padding_bottom=&#8221;100&#8243; dt_id=&#8221;work&#8221;][vc_column]<div class=\"dt-title-wrapper\"><h1 class=\"section-title\">Die Aktuelle Charge<\/h1><\/div><div style=\"clear:both; width:100%; height:30px\"><\/div>[vc_row_inner][vc_column_inner width=&#8221;1\/4&#8243;][vc_column_text]<strong>Senior (x):<\/strong><\/p>\n<p>stud. M. Sc. Simon Emmelmann<\/p>\n<div id=\"gtx-trans\" style=\"position: absolute; left: -11px; top: 31px;\">\n<div class=\"gtx-trans-icon\">&nbsp;<\/div>\n<\/div>\n<p>[\/vc_column_text][\/vc_column_inner][vc_column_inner width=&#8221;1\/4&#8243;][vc_column_text]<strong>Jagdwart (xx):<\/strong><\/p>\n<p class=\"p1\">stud. M. Ed. Laurenz L. Sch\u00f6nborn<\/p>\n<div id=\"gtx-trans\" style=\"position: absolute; left: -7px; top: 31px;\">\n<div class=\"gtx-trans-icon\">&nbsp;<\/div>\n<\/div>\n<p>[\/vc_column_text][\/vc_column_inner][vc_column_inner width=&#8221;1\/4&#8243;][vc_column_text]<strong>Schriftwart (xxx):<\/strong><\/p>\n<p class=\"p1\">stud. oec. inf. Michel Schwank<\/p>\n<p>[\/vc_column_text][\/vc_column_inner][vc_column_inner width=&#8221;1\/4&#8243;][vc_column_text]<strong>Fuxmajor (FM):<\/strong><\/p>\n<p class=\"p1\">stud. rer. pol. u. jur. Felix von Graeve<\/p>\n<div id=\"gtx-trans\" style=\"position: absolute; left: -20px; top: 78px;\">\n<div class=\"gtx-trans-icon\">&nbsp;<\/div>\n<\/div>\n<p>[\/vc_column_text][\/vc_column_inner][\/vc_row_inner]<div style=\"clear:both; width:100%; height:60px\"><\/div><div style=\"clear:both; width:100%; height:60px\"><\/div>[vc_row_inner el_id=&#8221;kontakt&#8221;][vc_column_inner width=&#8221;1\/2&#8243;]<div class=\"dt-title-wrapper\"><h1 class=\"section-title\">Anschrift<\/h1><\/div>[vc_column_text]<\/p>\n<p style=\"text-align: center;\"><span style=\"font-size: 14pt;\">AJV! \u201cHermann L\u00f6ns\u201d<\/span><br \/>\n<span style=\"font-size: 14pt;\">Postfach 1112<\/span><br \/>\n<span style=\"font-size: 14pt;\">D-48001 M\u00fcnster<\/span><\/p>\n<p style=\"text-align: center;\"><span style=\"font-size: 14pt;\">E-Mail: <a href=\"mailto:info@ajv-hermann-loens.de\">info@ajv-hermann-loens.de<\/a>&nbsp;<\/span><\/p>\n<p>[\/vc_column_text][\/vc_column_inner][vc_column_inner width=&#8221;1\/2&#8243;]<div class=\"dt-title-wrapper\"><h1 class=\"section-title\">Kontakt<\/h1><\/div>[vc_column_text el_id=&#8221;formular&#8221;]Hast du Interesse an der AJV? hinterlass uns gern eine Nachricht oder schreibe uns eine email unter <span style=\"font-size: 12pt;\"><a href=\"mailto:info@ajv-hermann-loens.de\">info@ajv-hermann-loens.de<\/a>&nbsp;<\/span>[\/vc_column_text][vc_column_text][\/vc_column_text][vc_column_text][\/vc_column_text][\/vc_column_inner][\/vc_row_inner][vc_row_inner][vc_column_inner][\/vc_column_inner][\/vc_row_inner][\/vc_column][\/vc_row][vc_row dt_text_scheme=&#8221;darker-overlay&#8221; dt_no_mb=&#8221;no-margin&#8221; bg_type=&#8221;image&#8221; parallax_style=&#8221;vcpb-vz-jquery&#8221; bg_image_new=&#8221;id^219|url^https:\/\/demo.ajv-hermann-loens.de\/wp-content\/uploads\/2020\/11\/Tietelbild-2.jpg|caption^null|alt^null|title^Tietelbild 2|description^null&#8221; bg_image_repeat=&#8221;no-repeat&#8221; parallax_content=&#8221;parallax_content_value&#8221; bg_color=&#8221;#000000&#8243; dt_color_opacity=&#8221;70&#8243; dt_padding_top=&#8221;100&#8243; dt_padding_bottom=&#8221;100&#8243; bg_image=&#8221;219&#8243;][vc_column]<div style=\"clear:both; width:100%; height:60px\"><\/div>[vc_row_inner][vc_column_inner][vc_column_text]<\/p>\n<h4 style=\"text-align: center;\"><span style=\"font-size: 18pt;\"><strong>&#8220;Freiheit, Ehre, Waidgerechtigkeit !\u201c<\/strong><\/span><\/h4>\n<p>[\/vc_column_text][\/vc_column_inner][\/vc_row_inner]<div style=\"clear:both; width:100%; height:60px\"><\/div>[\/vc_column][\/vc_row][vc_row dt_no_mb=&#8221;no-margin&#8221; bg_type=&#8221;bg_color&#8221; bg_color=&#8221;#e8e8e8&#8243; dt_padding_top=&#8221;50&#8243; dt_padding_bottom=&#8221;20&#8243; bg_color_value=&#8221;#e5e5e5&#8243;][vc_column][vc_row_inner el_id=&#8221;jagd&#8221;][vc_column_inner]<div class=\"dt-title-wrapper\"><h1 class=\"section-title\">Die Jagd<\/h1><\/div>[\/vc_column_inner][\/vc_row_inner][vc_row_inner][vc_column_inner width=&#8221;1\/3&#8243;][vc_column_text]<\/p>\n<p style=\"text-align: left;\"><span style=\"font-size: 14pt;\">Die Jagd ist das verbindende Element unseres Bundes. Jagdliche Aktivit\u00e4ten stellen einen Schwerpunkt in jedem Semester dar. Es ist uns wichtig, gemeinsam die Jagd zu erleben und auszu\u00fcben. Den Grunds\u00e4tzen der Waidgerechtigkeit zu folgen ist f\u00fcr uns dabei selbstverst\u00e4ndlich. Dank unserer Alten Herren, die ihre Reviere gro\u00dfz\u00fcgig \u00f6ffnen und uns zur Verf\u00fcgung stellen, ist die waidgerechte Jagd auch problemlos m\u00f6glich!<\/span><\/p>\n<p>[\/vc_column_text][\/vc_column_inner][vc_column_inner width=&#8221;2\/3&#8243;][vc_single_image image=&#8221;324&#8243; img_size=&#8221;large&#8221;][\/vc_column_inner][\/vc_row_inner][\/vc_column][\/vc_row][vc_row dt_no_mb=&#8221;no-margin&#8221; bg_color=&#8221;#ffffff&#8221; dt_color_opacity=&#8221;100&#8243; dt_padding_top=&#8221;50&#8243; dt_padding_bottom=&#8221;50&#8243; dt_id=&#8221;faq&#8221;][vc_column]<div class=\"dt-title-wrapper\"><h1 class=\"section-title\">Das Brauchtum<\/h1><\/div>[vc_row_inner][vc_column_inner width=&#8221;1\/2&#8243;][vc_single_image image=&#8221;335&#8243; img_size=&#8221;large&#8221;]<div style=\"clear:both; width:100%; height:45px\"><\/div>[\/vc_column_inner][vc_column_inner width=&#8221;1\/2&#8243;][vc_column_text]<\/p>\n<div dir=\"auto\"><span style=\"font-size: 14pt;\">Neben der Jagd pflegen wir auch das jahrhundertealte, studentische Brauchtum. Ob bei sogenannten Kneipen, geselligen Abenden, bei denen gemeinsam gefeiert, gesungen und getrunken wird, oder bei einem Bummel \u00fcber die vielen Verbindungsh\u00e4user M\u00fcnsters, erfreuen wir uns an den bew\u00e4hrten Traditionen.&nbsp;<\/span><\/div>\n<div dir=\"auto\">&nbsp;<\/div>\n<p>[\/vc_column_text][\/vc_column_inner][\/vc_row_inner][vc_row_inner][vc_column_inner]<div class=\"dt-title-wrapper\"><h1 class=\"section-title\">FAQ<\/h1><\/div>[vc_toggle title=&#8221;Wie wird man Mitglied?&#8221; style=&#8221;round&#8221;]<\/p>\n<div dir=\"auto\">Wer sich ein Bild von unserer Gemeinschaft machen und uns pers\u00f6nlich kennenlernen m\u00f6chte, ist herzlich eingeladen, an unseren Terminen im Semesterprogramm teilzunehmen.<\/div>\n<div dir=\"auto\">Wir freuen uns \u00fcber jede Kontaktaufnahme.<\/div>\n<div dir=\"auto\">&nbsp;<\/div>\n<div dir=\"auto\">Wessen Interesse geweckt wurde, wird als sogenannter Fux in unsere Reihen aufgenommen. Ein Fux ist Mitglied auf Probe, dem es jederzeit freisteht, die Verbindung wieder zu verlassen. Um Fux zu werden ist es nicht notwendig, schon einen Jagdschein zu haben. Wir unterst\u00fctzen unsere F\u00fcxe gerne auf dem Weg zum waidgerechten J\u00e4ger.<\/div>\n<div dir=\"auto\">&nbsp;<\/div>\n<div dir=\"auto\">Nach der Fuxenzeit kann man als Vollmitglied, sogenannter Bursch, auf Lebenszeit in die AJV! Hermann L\u00f6ns aufgenommen werden.<\/div>\n<div dir=\"auto\">&nbsp;<\/div>\n<div dir=\"auto\">F\u00fcxe und Burschen werden zusammen als die Aktiven in der Verbindung bezeichnet, die gemeinsam Veranstaltungen im Semester planen und durchf\u00fchren. Wer die Aktivenzeit und das Studium erfolgreich abgeschlossen hat, bleibt als sogenannter Alter Herr Mitglied der Verbindung.&nbsp;<\/div>\n<p>[\/vc_toggle][vc_toggle title=&#8221;Ist die AJV! &#8220;Hermann L\u00f6ns\u201c eine schlagende Verbindung?&#8221; style=&#8221;round&#8221;]<\/p>\n<p class=\"FreieForm\">Die AJV! &#8220;Hermann L\u00f6ns&#8221; ist eine freischlagende Jagdverbindung. Das studentische Fechten wird unseren Mitgliedern freigestellt. Die Mitglieder haben bei uns die M\u00f6glichkeit, es zu erlernen (studentisch: \u201esich einpauken\u201c) und auch zu einer Partie anzutreten (\u201eeine Mensur schlagen\u201c), es besteht jedoch kein Zwang.<\/p>\n<p>[\/vc_toggle][vc_toggle title=&#8221;Was ist der Lebensbund?&#8221; style=&#8221;round&#8221;]Im Gegensatz zu einem Verein herrscht bei uns das Lebensbund-Prinzip. Das bedeutet, dass wir ein Leben lang Mitglied der AJV! &#8220;Hermann L\u00f6ns\u201c bleiben. Dieses Prinzip greift Hand in Hand mit dem Generationenvertrag, der in Verbindungen anzutreffen ist: Die Alten unterst\u00fctzen die Jungen.[\/vc_toggle][vc_btn title=&#8221;Kontakt aufnehmen&#8221; style=&#8221;classic&#8221; color=&#8221;black&#8221; align=&#8221;center&#8221; link=&#8221;url:%23kontakt&#8221;]<div style=\"clear:both; width:100%; height:60px\"><\/div>[\/vc_column_inner][\/vc_row_inner]<div class=\"dt-title-wrapper\"><h1 class=\"section-title\">Aktivenleben in der AJV<\/h1><\/div>[vc_masonry_media_grid grid_id=&#8221;vc_gid:1762877553383-fbab1605ed4a8ef59e3b195b30c60bff-2&#8243; include=&#8221;445,326,327,328,329,330,336,443,444,446&#8243;]<div style=\"clear:both; width:100%; height:45px\"><\/div>[vc_btn title=&#8221;Kontakt aufnehmen&#8221; style=&#8221;classic&#8221; color=&#8221;black&#8221; align=&#8221;center&#8221; link=&#8221;url:%23kontakt&#8221;][\/vc_column][\/vc_row][vc_row][vc_column width=&#8221;1\/4&#8243;][\/vc_column][vc_column width=&#8221;1\/4&#8243;][vc_single_image image=&#8221;359&#8243; img_size=&#8221;medium&#8221; alignment=&#8221;center&#8221; onclick=&#8221;custom_link&#8221; link=&#8221;https:\/\/wjsc.de\/&#8221;][\/vc_column][vc_column width=&#8221;1\/4&#8243;][vc_column_text]<span style=\"font-size: 14pt;\">Neben der AJV! gibt es in Deutschland viele weitere Jagdverbindungen, welche unter dem Dachverband des WJSC organisiert sind. Weitere Informationen finden Sie auf der <a href=\"https:\/\/wjsc.de\/\">offiziellen Homepage des WJSC<\/a>.<\/span>[\/vc_column_text][\/vc_column][vc_column width=&#8221;1\/4&#8243;][\/vc_column][\/vc_row][vc_row][vc_column width=&#8221;2\/3&#8243;][vc_row_inner][vc_column_inner][\/vc_column_inner][\/vc_row_inner][\/vc_column][vc_column width=&#8221;1\/6&#8243;][\/vc_column][\/vc_row][vc_row][vc_column width=&#8221;1\/3&#8243;][\/vc_column][vc_column width=&#8221;1\/3&#8243;][vc_toggle title=&#8221;Impressum und Redaktionelle Verantwortlichkeit&#8221; style=&#8221;arrow&#8221; color=&#8221;blue&#8221; size=&#8221;lg&#8221;]Redaktionell verantwortlich f\u00fcr die Inhalte unter www.ajv-hermann-loens.de:<\/p>\n<p>AJV! \u201cHermann L\u00f6ns\u201d<br \/>\nPostfach 1112<br \/>\nD-48001 M\u00fcnster<\/p>\n<p>E-Mail:&nbsp; info@ajv-hermann-loens.de<\/p>\n<p>&nbsp;<\/p>\n<p>&nbsp;<\/p>\n<p>Hinweise:<br \/>\nVerlinkte Seiten und deren Inhalte unterliegen nicht unserer Verantwortung. Gem\u00e4\u00df dem Urteil des Landgerichts Hamburg vom 12. Mai 1998 \u2013 312 O 85\/98 \u2013 \u201cHaftung f\u00fcr Links\u201d distanzieren wir uns ausdr\u00fccklich von allen Inhalten der unter www.ajv-hermann-loens.de gelinkten Seiten. Die Verantwortung der von unseren Seiten aus gelinkten Inhalte entnehmen Sie bitte dem entsprechenden Impressum des jeweiligen Dienstanbieters.<\/p>\n<p>Allgemeines:<\/p>\n<p>Die Inhalte dieser Seiten sollen der \u00d6ffentlichkeit den Zugang zu Informationen erleichtern und ein zutreffendes Bild von den Herausgebern vermitteln. Deshalb wird gro\u00dfer Wert auf die Richtigkeit, Aktualit\u00e4t, Vollst\u00e4ndigkeit und Verst\u00e4ndlichkeit der hier ver\u00f6ffentlichten Inhalte gelegt. Die Inhalte dieser Seiten werden st\u00e4ndig gepflegt.<\/p>\n<p>Inhalte anderer Anbieter:<\/p>\n<p>Wir bieten im Rahmen dieser Seiten nicht nur eigene WWW-Angebote, sondern auch Verweise auf fremde Inhalte an. Wir haben dabei keinerlei Einfluss auf die aktuelle und zuk\u00fcnftige Gestaltung und auf die Inhalte gelinkter\/verkn\u00fcpfter fremder WWW-Seiten und \u00fcbernehmen somit auch keinerlei inhaltliche Haftung f\u00fcr die Inhalte dieser Seiten. Wir \u00fcbernehmen keine Gew\u00e4hr f\u00fcr die Aktualit\u00e4t, Korrektheit, Vollst\u00e4ndigkeit oder Qualit\u00e4t der \u00fcber fremde Links bereitgestellten Informationen. Wir distanzieren uns ausdr\u00fccklich von rechtlich unzul\u00e4ssigen Inhalten auf solchen Seiten. Diese Feststellung gilt f\u00fcr alle innerhalb der eigenen Internetangebote gesetzten fremden Links und Verweise<\/p>\n<p>Fehlermeldungen:<\/p>\n<p>Die Nutzer dieser Internetseiten werden gebeten, uns sofort auf etwa rechtswidrige Inhalte anderweitiger Anbieter, zu denen ein Verweis unterhalten wird, aufmerksam zu machen. Ebenso wird darum gebeten, uns zu benachrichtigen, wenn eigene Inhalte auf diesen Internet-Seiten nicht fehlerfrei, aktuell, vollst\u00e4ndig und verst\u00e4ndlich sind. Zur Kontaktaufnahme kann unser Kontaktformular genutzt werden.<\/p>\n<p>Bildrechte:<\/p>\n<p>Eine Vervielf\u00e4ltigung oder Verwendung der Bilder in anderen elektronischen oder gedruckten Publikationen ist ohne ausdr\u00fcckliche Einwilligung des Urhebers nicht gestattet.[\/vc_toggle][\/vc_column][vc_column width=&#8221;1\/3&#8243;][\/vc_column][\/vc_row][vc_row][vc_column][\/vc_column][\/vc_row]<\/p>\n","protected":false},"excerpt":{"rendered":"<p>[vc_row dt_text_scheme=&#8221;darker-overlay&#8221; dt_no_mb=&#8221;no-margin&#8221; bg_type=&#8221;image&#8221; parallax_style=&#8221;vcpb-vz-jquery&#8221; bg_image_new=&#8221;id^438|url^https:\/\/ajv-hermann-loens.de\/wp-content\/uploads\/2021\/01\/image3-scaled.jpg|caption^null|alt^null|title^image3|description^null&#8221; bg_image_repeat=&#8221;no-repeat&#8221; parallax_sense=&#8221;30&#8243; disable_on_mobile_img_parallax=&#8221;disable_on_mobile_img_parallax_value&#8221; parallax_content=&#8221;parallax_content_value&#8221; bg_color=&#8221;#000000&#8243; dt_color_opacity=&#8221;0&#8243; dt_padding_top=&#8221;100&#8243; dt_padding_bottom=&#8221;100&#8243;][vc_column][vc_row_inner][vc_column_inner][vc_column_text] Akademische Jagdverbindung \u201eHermann L\u00f6ns\u201c zu M\u00fcnster &nbsp; [\/vc_column_text][\/vc_column_inner][\/vc_row_inner][vc_row_inner el_id=&#8221;ajv&#8221;][vc_column_inner][\/vc_column_inner][\/vc_row_inner][\/vc_column][\/vc_row][vc_row dt_no_mb=&#8221;no-margin&#8221; bg_type=&#8221;bg_color&#8221;&#8230;<\/p>\n<p class=\"readmore\"><a class=\"more-btn\" href=\"https:\/\/ajv-hermann-loens.de\/\">Read More<\/a><\/p>\n","protected":false},"author":1,"featured_media":0,"parent":0,"menu_order":0,"comment_status":"open","ping_status":"closed","template":"template-homepage.php","meta":{"ngg_post_thumbnail":0},"yoast_head":"<!-- This site is optimized with the Yoast SEO plugin v15.0 - https:\/\/yoast.com\/wordpress\/plugins\/seo\/ -->\n<meta name=\"description\" content=\"Die akademische Jagdverbindung Hermann L\u00f6ns bietet jagdlich interessierten Studenten in M\u00fcnster ein Forum f\u00fcr gesellige Zusammenkunft, Diskussion und zum gemeinsamen jagen.\" \/>\n<meta name=\"robots\" content=\"index, follow, max-snippet:-1, max-image-preview:large, max-video-preview:-1\" \/>\n<link rel=\"canonical\" href=\"https:\/\/ajv-hermann-loens.de\/\" \/>\n<meta property=\"og:locale\" content=\"de_DE\" \/>\n<meta property=\"og:type\" content=\"article\" \/>\n<meta property=\"og:title\" content=\"- Akademische Jagdverbindung Hermann L\u00f6ns\" \/>\n<meta property=\"og:description\" content=\"Die akademische Jagdverbindung Hermann L\u00f6ns bietet jagdlich interessierten Studenten in M\u00fcnster ein Forum f\u00fcr gesellige Zusammenkunft, Diskussion und zum gemeinsamen jagen.\" \/>\n<meta property=\"og:url\" content=\"https:\/\/ajv-hermann-loens.de\/\" \/>\n<meta property=\"og:site_name\" content=\"Akademische Jagdverbindung Hermann L\u00f6ns\" \/>\n<meta property=\"article:publisher\" content=\"https:\/\/de-de.facebook.com\/HermannLoens\/\" \/>\n<meta property=\"article:modified_time\" content=\"2025-11-11T16:12:50+00:00\" \/>\n<meta name=\"twitter:card\" content=\"summary_large_image\" \/>\n<script type=\"application\/ld+json\" class=\"yoast-schema-graph\">{\"@context\":\"https:\/\/schema.org\",\"@graph\":[{\"@type\":\"Organization\",\"@id\":\"https:\/\/ajv-hermann-loens.de\/#organization\",\"name\":\"Akademische Jagdverbindung Hermann L\\u00f6ns\",\"url\":\"https:\/\/ajv-hermann-loens.de\/\",\"sameAs\":[\"https:\/\/de-de.facebook.com\/HermannLoens\/\",\"https:\/\/www.instagram.com\/ajv_hermann_loens\/?hl=de\"],\"logo\":{\"@type\":\"ImageObject\",\"@id\":\"https:\/\/ajv-hermann-loens.de\/#logo\",\"inLanguage\":\"de\",\"url\":\"https:\/\/ajv-hermann-loens.de\/wp-content\/uploads\/2020\/11\/Loens-Wappen.jpg\",\"width\":693,\"height\":693,\"caption\":\"Akademische Jagdverbindung Hermann L\\u00f6ns\"},\"image\":{\"@id\":\"https:\/\/ajv-hermann-loens.de\/#logo\"}},{\"@type\":\"WebSite\",\"@id\":\"https:\/\/ajv-hermann-loens.de\/#website\",\"url\":\"https:\/\/ajv-hermann-loens.de\/\",\"name\":\"Akademische Jagdverbindung Hermann L\\u00f6ns\",\"description\":\"Freiheit, Ehre, Waidgerechtigkeit!\",\"publisher\":{\"@id\":\"https:\/\/ajv-hermann-loens.de\/#organization\"},\"potentialAction\":[{\"@type\":\"SearchAction\",\"target\":\"https:\/\/ajv-hermann-loens.de\/?s={search_term_string}\",\"query-input\":\"required name=search_term_string\"}],\"inLanguage\":\"de\"},{\"@type\":\"WebPage\",\"@id\":\"https:\/\/ajv-hermann-loens.de\/#webpage\",\"url\":\"https:\/\/ajv-hermann-loens.de\/\",\"name\":\"- Akademische Jagdverbindung Hermann L\\u00f6ns\",\"isPartOf\":{\"@id\":\"https:\/\/ajv-hermann-loens.de\/#website\"},\"datePublished\":\"2014-03-06T13:59:56+00:00\",\"dateModified\":\"2025-11-11T16:12:50+00:00\",\"description\":\"Die akademische Jagdverbindung Hermann L\\u00f6ns bietet jagdlich interessierten Studenten in M\\u00fcnster ein Forum f\\u00fcr gesellige Zusammenkunft, Diskussion und zum gemeinsamen jagen.\",\"inLanguage\":\"de\",\"potentialAction\":[{\"@type\":\"ReadAction\",\"target\":[\"https:\/\/ajv-hermann-loens.de\/\"]}]}]}<\/script>\n<!-- \/ Yoast SEO plugin. -->","_links":{"self":[{"href":"https:\/\/ajv-hermann-loens.de\/index.php?rest_route=\/wp\/v2\/pages\/276"}],"collection":[{"href":"https:\/\/ajv-hermann-loens.de\/index.php?rest_route=\/wp\/v2\/pages"}],"about":[{"href":"https:\/\/ajv-hermann-loens.de\/index.php?rest_route=\/wp\/v2\/types\/page"}],"author":[{"embeddable":true,"href":"https:\/\/ajv-hermann-loens.de\/index.php?rest_route=\/wp\/v2\/users\/1"}],"replies":[{"embeddable":true,"href":"https:\/\/ajv-hermann-loens.de\/index.php?rest_route=%2Fwp%2Fv2%2Fcomments&post=276"}],"version-history":[{"count":114,"href":"https:\/\/ajv-hermann-loens.de\/index.php?rest_route=\/wp\/v2\/pages\/276\/revisions"}],"predecessor-version":[{"id":539,"href":"https:\/\/ajv-hermann-loens.de\/index.php?rest_route=\/wp\/v2\/pages\/276\/revisions\/539"}],"wp:attachment":[{"href":"https:\/\/ajv-hermann-loens.de\/index.php?rest_route=%2Fwp%2Fv2%2Fmedia&parent=276"}],"curies":[{"name":"wp","href":"https:\/\/api.w.org\/{rel}","templated":true}]}}